{"id":26,"date":"2019-10-21T12:54:58","date_gmt":"2019-10-21T12:54:58","guid":{"rendered":"http:\/\/hpp-hypnose.de\/?page_id=26"},"modified":"2019-12-19T19:32:14","modified_gmt":"2019-12-19T19:32:14","slug":"ablauf-einer-behandlung","status":"publish","type":"page","link":"https:\/\/hpp-hypnose.de\/?page_id=26","title":{"rendered":"Ablauf einer Behandlung"},"content":{"rendered":"\n<p>Am Anfang jeder Behandlung steht die Anamnese, also die gemeinsame Durchsprache der Problematik und der Hintergr\u00fcnde und, daraus abgeleitet, der Ziele der Behandlung. Wir nehmen uns viel Zeit f\u00fcr die Anamnese, sie kann durchaus einen ganzen Vormittag in Anspruch nehmen, nat\u00fcrlich kann es auch viel schneller gehen, wenn es um ein isoliertes Thema geht. Im Anschluss legen wir gemeinsam mit dem Klienten fest, welche Behandlung die meiste Aussicht auf Erfolg verspricht und wie der Ablauf der Behandlung aussehen sollte.<\/p>\n\n\n\n<p>F\u00fcr die Behandlung planen wir in der Regel maximal vier Behandlungstermine ein &#8211; nur in sehr seltenen F\u00e4llen sind mehr Termine sinnvoll, meist sind es weniger.<\/p>\n\n\n\n<p>F\u00fcr den ersten Termin ist neben der Anamnese eine erste Trance vorgesehen, um den Klienten behutsam zu begleiten und den indidviduell besten Ansatz zu finden. Wir setzen hynotische Anker, um in Folgesitzungen schnell und effektiv in die Trance kommen zu k\u00f6nnen. Wenn m\u00f6glich, schlie\u00dfen wir eine Regression in eine gl\u00fcckliche Situation der Kindheit an &#8211; eine Ressource, die sp\u00e4ter vom Klienten jederzeit mit einem weiteren Anker genutzt werden kann. Bei isolierten Themen kann hier bereits eine Behandlung mit den Yager-Code erfolgen.<\/p>\n\n\n\n<p>Der zweite Termin ist der Regressionsarbeit gewidmet. Wir suchen nach ausl\u00f6senden Ursachen in der Vergangenheit und behandeln m\u00f6gliche traumatische Erfahrungen.<\/p>\n\n\n\n<p>Der dritte Termin wird f\u00fcr die Verzeiharbeit genutzt, wenn sich aus der Anamnese oder der Regression Ansatzpunkte f\u00fcr eine Notwendigkeit ergeben haben &#8211; oft ist dies der Fall.<\/p>\n\n\n\n<p>Der vierte Termin ist dann der Nachbehandlung gewidmet, hier wird meist der Yager-Code eingesetzt, um verbleibende st\u00f6rende Anteile von Konditionierungen zu beseitigen.<\/p>\n\n\n\n<p>Dieser Ablauf in vier Terminen kann je nach Auspr\u00e4gung der st\u00f6renden Symptome aber auch angepasst werden, z.B. um mit Hilfe des Simpson-Protokolls vorzugehen oder in wenigen Yager-Code-Sitzungen dem Problem zu begegnen.<\/p>\n\n\n\n<p>Immer wird die Behandlung auf die individuelle Situation ma\u00dfgeschneidert und angepasst.<\/p>\n\n\n\n<p><\/p>\n\n\n\n<p><\/p>\n","protected":false},"excerpt":{"rendered":"<p>Am Anfang jeder Behandlung steht die Anamnese, also die gemeinsame Durchsprache der Problematik und der Hintergr\u00fcnde und, daraus abgeleitet, der Ziele der Behandlung. Wir nehmen uns viel Zeit f\u00fcr die Anamnese, sie kann durchaus einen ganzen Vormittag in Anspruch nehmen, nat\u00fcrlich kann es auch viel schneller gehen, wenn es um ein isoliertes Thema geht. Im &hellip; <\/p>\n<p class=\"link-more\"><a href=\"https:\/\/hpp-hypnose.de\/?page_id=26\" class=\"more-link\"><span class=\"screen-reader-text\">\u201eAblauf einer Behandlung\u201c <\/span>weiterlesen<\/a><\/p>\n","protected":false},"author":1,"featured_media":0,"parent":0,"menu_order":0,"comment_status":"closed","ping_status":"closed","template":"","meta":{"footnotes":""},"class_list":["post-26","page","type-page","status-publish","hentry"],"yoast_head":"<!-- This site is optimized with the Yoast SEO plugin v26.9 - https:\/\/yoast.com\/product\/yoast-seo-wordpress\/ -->\n<title>Ablauf einer Behandlung - Hypnose-Praxis<\/title>\n<meta name=\"robots\" content=\"index, follow, max-snippet:-1, max-image-preview:large, max-video-preview:-1\" \/>\n<link rel=\"canonical\" href=\"https:\/\/hpp-hypnose.de\/?page_id=26\" \/>\n<meta property=\"og:locale\" content=\"de_DE\" \/>\n<meta property=\"og:type\" content=\"article\" \/>\n<meta property=\"og:title\" content=\"Ablauf einer Behandlung - Hypnose-Praxis\" \/>\n<meta property=\"og:description\" content=\"Am Anfang jeder Behandlung steht die Anamnese, also die gemeinsame Durchsprache der Problematik und der Hintergr\u00fcnde und, daraus abgeleitet, der Ziele der Behandlung. Wir nehmen uns viel Zeit f\u00fcr die Anamnese, sie kann durchaus einen ganzen Vormittag in Anspruch nehmen, nat\u00fcrlich kann es auch viel schneller gehen, wenn es um ein isoliertes Thema geht. Im &hellip; \u201eAblauf einer Behandlung\u201c weiterlesen\" \/>\n<meta property=\"og:url\" content=\"https:\/\/hpp-hypnose.de\/?page_id=26\" \/>\n<meta property=\"og:site_name\" content=\"Hypnose-Praxis\" \/>\n<meta property=\"article:modified_time\" content=\"2019-12-19T19:32:14+00:00\" \/>\n<meta name=\"twitter:card\" content=\"summary_large_image\" \/>\n<meta name=\"twitter:label1\" content=\"Gesch\u00e4tzte Lesezeit\" \/>\n\t<meta name=\"twitter:data1\" content=\"2\u00a0Minuten\" \/>\n<script type=\"application\/ld+json\" class=\"yoast-schema-graph\">{\"@context\":\"https:\/\/schema.org\",\"@graph\":[{\"@type\":\"WebPage\",\"@id\":\"https:\/\/hpp-hypnose.de\/?page_id=26\",\"url\":\"https:\/\/hpp-hypnose.de\/?page_id=26\",\"name\":\"Ablauf einer Behandlung - Hypnose-Praxis\",\"isPartOf\":{\"@id\":\"https:\/\/hpp-hypnose.de\/#website\"},\"datePublished\":\"2019-10-21T12:54:58+00:00\",\"dateModified\":\"2019-12-19T19:32:14+00:00\",\"breadcrumb\":{\"@id\":\"https:\/\/hpp-hypnose.de\/?page_id=26#breadcrumb\"},\"inLanguage\":\"de\",\"potentialAction\":[{\"@type\":\"ReadAction\",\"target\":[\"https:\/\/hpp-hypnose.de\/?page_id=26\"]}]},{\"@type\":\"BreadcrumbList\",\"@id\":\"https:\/\/hpp-hypnose.de\/?page_id=26#breadcrumb\",\"itemListElement\":[{\"@type\":\"ListItem\",\"position\":1,\"name\":\"Startseite\",\"item\":\"https:\/\/hpp-hypnose.de\/\"},{\"@type\":\"ListItem\",\"position\":2,\"name\":\"Ablauf einer Behandlung\"}]},{\"@type\":\"WebSite\",\"@id\":\"https:\/\/hpp-hypnose.de\/#website\",\"url\":\"https:\/\/hpp-hypnose.de\/\",\"name\":\"Hypnose-Praxis\",\"description\":\"Das Unterbewu\u00dftsein f\u00fcr Heilung und Coaching nutzen\",\"potentialAction\":[{\"@type\":\"SearchAction\",\"target\":{\"@type\":\"EntryPoint\",\"urlTemplate\":\"https:\/\/hpp-hypnose.de\/?s={search_term_string}\"},\"query-input\":{\"@type\":\"PropertyValueSpecification\",\"valueRequired\":true,\"valueName\":\"search_term_string\"}}],\"inLanguage\":\"de\"}]}<\/script>\n<!-- \/ Yoast SEO plugin. -->","yoast_head_json":{"title":"Ablauf einer Behandlung - Hypnose-Praxis","robots":{"index":"index","follow":"follow","max-snippet":"max-snippet:-1","max-image-preview":"max-image-preview:large","max-video-preview":"max-video-preview:-1"},"canonical":"https:\/\/hpp-hypnose.de\/?page_id=26","og_locale":"de_DE","og_type":"article","og_title":"Ablauf einer Behandlung - Hypnose-Praxis","og_description":"Am Anfang jeder Behandlung steht die Anamnese, also die gemeinsame Durchsprache der Problematik und der Hintergr\u00fcnde und, daraus abgeleitet, der Ziele der Behandlung. Wir nehmen uns viel Zeit f\u00fcr die Anamnese, sie kann durchaus einen ganzen Vormittag in Anspruch nehmen, nat\u00fcrlich kann es auch viel schneller gehen, wenn es um ein isoliertes Thema geht. Im &hellip; \u201eAblauf einer Behandlung\u201c weiterlesen","og_url":"https:\/\/hpp-hypnose.de\/?page_id=26","og_site_name":"Hypnose-Praxis","article_modified_time":"2019-12-19T19:32:14+00:00","twitter_card":"summary_large_image","twitter_misc":{"Gesch\u00e4tzte Lesezeit":"2\u00a0Minuten"},"schema":{"@context":"https:\/\/schema.org","@graph":[{"@type":"WebPage","@id":"https:\/\/hpp-hypnose.de\/?page_id=26","url":"https:\/\/hpp-hypnose.de\/?page_id=26","name":"Ablauf einer Behandlung - Hypnose-Praxis","isPartOf":{"@id":"https:\/\/hpp-hypnose.de\/#website"},"datePublished":"2019-10-21T12:54:58+00:00","dateModified":"2019-12-19T19:32:14+00:00","breadcrumb":{"@id":"https:\/\/hpp-hypnose.de\/?page_id=26#breadcrumb"},"inLanguage":"de","potentialAction":[{"@type":"ReadAction","target":["https:\/\/hpp-hypnose.de\/?page_id=26"]}]},{"@type":"BreadcrumbList","@id":"https:\/\/hpp-hypnose.de\/?page_id=26#breadcrumb","itemListElement":[{"@type":"ListItem","position":1,"name":"Startseite","item":"https:\/\/hpp-hypnose.de\/"},{"@type":"ListItem","position":2,"name":"Ablauf einer Behandlung"}]},{"@type":"WebSite","@id":"https:\/\/hpp-hypnose.de\/#website","url":"https:\/\/hpp-hypnose.de\/","name":"Hypnose-Praxis","description":"Das Unterbewu\u00dftsein f\u00fcr Heilung und Coaching nutzen","potentialAction":[{"@type":"SearchAction","target":{"@type":"EntryPoint","urlTemplate":"https:\/\/hpp-hypnose.de\/?s={search_term_string}"},"query-input":{"@type":"PropertyValueSpecification","valueRequired":true,"valueName":"search_term_string"}}],"inLanguage":"de"}]}},"_links":{"self":[{"href":"https:\/\/hpp-hypnose.de\/index.php?rest_route=\/wp\/v2\/pages\/26","targetHints":{"allow":["GET"]}}],"collection":[{"href":"https:\/\/hpp-hypnose.de\/index.php?rest_route=\/wp\/v2\/pages"}],"about":[{"href":"https:\/\/hpp-hypnose.de\/index.php?rest_route=\/wp\/v2\/types\/page"}],"author":[{"embeddable":true,"href":"https:\/\/hpp-hypnose.de\/index.php?rest_route=\/wp\/v2\/users\/1"}],"replies":[{"embeddable":true,"href":"https:\/\/hpp-hypnose.de\/index.php?rest_route=%2Fwp%2Fv2%2Fcomments&post=26"}],"version-history":[{"count":4,"href":"https:\/\/hpp-hypnose.de\/index.php?rest_route=\/wp\/v2\/pages\/26\/revisions"}],"predecessor-version":[{"id":70,"href":"https:\/\/hpp-hypnose.de\/index.php?rest_route=\/wp\/v2\/pages\/26\/revisions\/70"}],"wp:attachment":[{"href":"https:\/\/hpp-hypnose.de\/index.php?rest_route=%2Fwp%2Fv2%2Fmedia&parent=26"}],"curies":[{"name":"wp","href":"https:\/\/api.w.org\/{rel}","templated":true}]}}