{"id":40,"date":"2019-10-21T13:32:36","date_gmt":"2019-10-21T13:32:36","guid":{"rendered":"http:\/\/hpp-hypnose.de\/?page_id=40"},"modified":"2020-11-17T20:42:30","modified_gmt":"2020-11-17T20:42:30","slug":"herzlich-willkommen","status":"publish","type":"page","link":"https:\/\/hpp-hypnose.de\/","title":{"rendered":"Herzlich willkommen!"},"content":{"rendered":"\n<p>Sie befinden sich auf der Webseite des Heilpraktikers f\u00fcr Psychotherapie in Cremlingen. Sie ist noch im Aufbau, daher sind noch nicht alle Informationen verf\u00fcgbar.<\/p>\n\n\n\n<p>Sie k\u00f6nnen sich \u00fcber die Hintergr\u00fcnde der Hypnose-Behandlung sowie deren Ablauf sowie zum Coaching-Angebot auf unseren Webseiten informieren.<\/p>\n\n\n\n<p>Bitte kontaktieren Sie uns telefonisch &#8211; wir kl\u00e4ren dann gemeinsam, ob ein Hypnose- oder Coaching-Termin f\u00fcr Sie sinnvoll ist und welches die n\u00e4chsten Schritte sein k\u00f6nnen.<\/p>\n\n\n\n<figure class=\"wp-block-image is-resized\"><img loading=\"lazy\" decoding=\"async\" src=\"http:\/\/hpp-hypnose.de\/wp-content\/uploads\/2019\/10\/Bildschirmfoto-2019-10-21-um-19.29.55.png\" alt=\"\" class=\"wp-image-64\" width=\"442\" height=\"46\" srcset=\"https:\/\/hpp-hypnose.de\/wp-content\/uploads\/2019\/10\/Bildschirmfoto-2019-10-21-um-19.29.55.png 874w, https:\/\/hpp-hypnose.de\/wp-content\/uploads\/2019\/10\/Bildschirmfoto-2019-10-21-um-19.29.55-300x32.png 300w, https:\/\/hpp-hypnose.de\/wp-content\/uploads\/2019\/10\/Bildschirmfoto-2019-10-21-um-19.29.55-768x81.png 768w\" sizes=\"auto, (max-width: 442px) 100vw, 442px\" \/><\/figure>\n\n\n\n<p>oder unter der E-Mail-Adresse:<\/p>\n\n\n\n<figure class=\"wp-block-image size-large is-resized\"><img loading=\"lazy\" decoding=\"async\" src=\"http:\/\/hpp-hypnose.de\/wp-content\/uploads\/2019\/12\/Bildschirmfoto-E-Mail2.png\" alt=\"\" class=\"wp-image-87\" width=\"251\" height=\"27\" srcset=\"https:\/\/hpp-hypnose.de\/wp-content\/uploads\/2019\/12\/Bildschirmfoto-E-Mail2.png 473w, https:\/\/hpp-hypnose.de\/wp-content\/uploads\/2019\/12\/Bildschirmfoto-E-Mail2-300x32.png 300w\" sizes=\"auto, (max-width: 251px) 100vw, 251px\" \/><\/figure>\n\n\n\n<p><\/p>\n","protected":false},"excerpt":{"rendered":"<p>Sie befinden sich auf der Webseite des Heilpraktikers f\u00fcr Psychotherapie in Cremlingen. Sie ist noch im Aufbau, daher sind noch nicht alle Informationen verf\u00fcgbar. Sie k\u00f6nnen sich \u00fcber die Hintergr\u00fcnde der Hypnose-Behandlung sowie deren Ablauf sowie zum Coaching-Angebot auf unseren Webseiten informieren. Bitte kontaktieren Sie uns telefonisch &#8211; wir kl\u00e4ren dann gemeinsam, ob ein Hypnose- &hellip; <\/p>\n<p class=\"link-more\"><a href=\"https:\/\/hpp-hypnose.de\/\" class=\"more-link\"><span class=\"screen-reader-text\">\u201eHerzlich willkommen!\u201c <\/span>weiterlesen<\/a><\/p>\n","protected":false},"author":1,"featured_media":0,"parent":0,"menu_order":0,"comment_status":"closed","ping_status":"closed","template":"","meta":{"footnotes":""},"class_list":["post-40","page","type-page","status-publish","hentry"],"yoast_head":"<!-- This site is optimized with the Yoast SEO plugin v26.9 - https:\/\/yoast.com\/product\/yoast-seo-wordpress\/ -->\n<title>Herzlich willkommen! - Hypnose-Praxis<\/title>\n<meta name=\"robots\" content=\"index, follow, max-snippet:-1, max-image-preview:large, max-video-preview:-1\" \/>\n<link rel=\"canonical\" href=\"https:\/\/hpp-hypnose.de\/\" \/>\n<meta property=\"og:locale\" content=\"de_DE\" \/>\n<meta property=\"og:type\" content=\"article\" \/>\n<meta property=\"og:title\" content=\"Herzlich willkommen! - Hypnose-Praxis\" \/>\n<meta property=\"og:description\" content=\"Sie befinden sich auf der Webseite des Heilpraktikers f\u00fcr Psychotherapie in Cremlingen. Sie ist noch im Aufbau, daher sind noch nicht alle Informationen verf\u00fcgbar. Sie k\u00f6nnen sich \u00fcber die Hintergr\u00fcnde der Hypnose-Behandlung sowie deren Ablauf sowie zum Coaching-Angebot auf unseren Webseiten informieren. Bitte kontaktieren Sie uns telefonisch &#8211; wir kl\u00e4ren dann gemeinsam, ob ein Hypnose- &hellip; \u201eHerzlich willkommen!\u201c weiterlesen\" \/>\n<meta property=\"og:url\" content=\"https:\/\/hpp-hypnose.de\/\" \/>\n<meta property=\"og:site_name\" content=\"Hypnose-Praxis\" \/>\n<meta property=\"article:modified_time\" content=\"2020-11-17T20:42:30+00:00\" \/>\n<meta property=\"og:image\" content=\"http:\/\/hpp-hypnose.de\/wp-content\/uploads\/2019\/10\/Bildschirmfoto-2019-10-21-um-19.29.55.png\" \/>\n<meta name=\"twitter:card\" content=\"summary_large_image\" \/>\n<script type=\"application\/ld+json\" class=\"yoast-schema-graph\">{\"@context\":\"https:\/\/schema.org\",\"@graph\":[{\"@type\":\"WebPage\",\"@id\":\"https:\/\/hpp-hypnose.de\/\",\"url\":\"https:\/\/hpp-hypnose.de\/\",\"name\":\"Herzlich willkommen! - Hypnose-Praxis\",\"isPartOf\":{\"@id\":\"https:\/\/hpp-hypnose.de\/#website\"},\"primaryImageOfPage\":{\"@id\":\"https:\/\/hpp-hypnose.de\/#primaryimage\"},\"image\":{\"@id\":\"https:\/\/hpp-hypnose.de\/#primaryimage\"},\"thumbnailUrl\":\"http:\/\/hpp-hypnose.de\/wp-content\/uploads\/2019\/10\/Bildschirmfoto-2019-10-21-um-19.29.55.png\",\"datePublished\":\"2019-10-21T13:32:36+00:00\",\"dateModified\":\"2020-11-17T20:42:30+00:00\",\"breadcrumb\":{\"@id\":\"https:\/\/hpp-hypnose.de\/#breadcrumb\"},\"inLanguage\":\"de\",\"potentialAction\":[{\"@type\":\"ReadAction\",\"target\":[\"https:\/\/hpp-hypnose.de\/\"]}]},{\"@type\":\"ImageObject\",\"inLanguage\":\"de\",\"@id\":\"https:\/\/hpp-hypnose.de\/#primaryimage\",\"url\":\"https:\/\/hpp-hypnose.de\/wp-content\/uploads\/2019\/10\/Bildschirmfoto-2019-10-21-um-19.29.55.png\",\"contentUrl\":\"https:\/\/hpp-hypnose.de\/wp-content\/uploads\/2019\/10\/Bildschirmfoto-2019-10-21-um-19.29.55.png\",\"width\":874,\"height\":92},{\"@type\":\"BreadcrumbList\",\"@id\":\"https:\/\/hpp-hypnose.de\/#breadcrumb\",\"itemListElement\":[{\"@type\":\"ListItem\",\"position\":1,\"name\":\"Startseite\",\"item\":\"https:\/\/hpp-hypnose.de\/\"},{\"@type\":\"ListItem\",\"position\":2,\"name\":\"Herzlich willkommen!\"}]},{\"@type\":\"WebSite\",\"@id\":\"https:\/\/hpp-hypnose.de\/#website\",\"url\":\"https:\/\/hpp-hypnose.de\/\",\"name\":\"Hypnose-Praxis\",\"description\":\"Das Unterbewu\u00dftsein f\u00fcr Heilung und Coaching nutzen\",\"potentialAction\":[{\"@type\":\"SearchAction\",\"target\":{\"@type\":\"EntryPoint\",\"urlTemplate\":\"https:\/\/hpp-hypnose.de\/?s={search_term_string}\"},\"query-input\":{\"@type\":\"PropertyValueSpecification\",\"valueRequired\":true,\"valueName\":\"search_term_string\"}}],\"inLanguage\":\"de\"}]}<\/script>\n<!-- \/ Yoast SEO plugin. -->","yoast_head_json":{"title":"Herzlich willkommen! - Hypnose-Praxis","robots":{"index":"index","follow":"follow","max-snippet":"max-snippet:-1","max-image-preview":"max-image-preview:large","max-video-preview":"max-video-preview:-1"},"canonical":"https:\/\/hpp-hypnose.de\/","og_locale":"de_DE","og_type":"article","og_title":"Herzlich willkommen! - Hypnose-Praxis","og_description":"Sie befinden sich auf der Webseite des Heilpraktikers f\u00fcr Psychotherapie in Cremlingen. Sie ist noch im Aufbau, daher sind noch nicht alle Informationen verf\u00fcgbar. Sie k\u00f6nnen sich \u00fcber die Hintergr\u00fcnde der Hypnose-Behandlung sowie deren Ablauf sowie zum Coaching-Angebot auf unseren Webseiten informieren. Bitte kontaktieren Sie uns telefonisch &#8211; wir kl\u00e4ren dann gemeinsam, ob ein Hypnose- &hellip; \u201eHerzlich willkommen!\u201c weiterlesen","og_url":"https:\/\/hpp-hypnose.de\/","og_site_name":"Hypnose-Praxis","article_modified_time":"2020-11-17T20:42:30+00:00","og_image":[{"url":"http:\/\/hpp-hypnose.de\/wp-content\/uploads\/2019\/10\/Bildschirmfoto-2019-10-21-um-19.29.55.png","type":"","width":"","height":""}],"twitter_card":"summary_large_image","schema":{"@context":"https:\/\/schema.org","@graph":[{"@type":"WebPage","@id":"https:\/\/hpp-hypnose.de\/","url":"https:\/\/hpp-hypnose.de\/","name":"Herzlich willkommen! - Hypnose-Praxis","isPartOf":{"@id":"https:\/\/hpp-hypnose.de\/#website"},"primaryImageOfPage":{"@id":"https:\/\/hpp-hypnose.de\/#primaryimage"},"image":{"@id":"https:\/\/hpp-hypnose.de\/#primaryimage"},"thumbnailUrl":"http:\/\/hpp-hypnose.de\/wp-content\/uploads\/2019\/10\/Bildschirmfoto-2019-10-21-um-19.29.55.png","datePublished":"2019-10-21T13:32:36+00:00","dateModified":"2020-11-17T20:42:30+00:00","breadcrumb":{"@id":"https:\/\/hpp-hypnose.de\/#breadcrumb"},"inLanguage":"de","potentialAction":[{"@type":"ReadAction","target":["https:\/\/hpp-hypnose.de\/"]}]},{"@type":"ImageObject","inLanguage":"de","@id":"https:\/\/hpp-hypnose.de\/#primaryimage","url":"https:\/\/hpp-hypnose.de\/wp-content\/uploads\/2019\/10\/Bildschirmfoto-2019-10-21-um-19.29.55.png","contentUrl":"https:\/\/hpp-hypnose.de\/wp-content\/uploads\/2019\/10\/Bildschirmfoto-2019-10-21-um-19.29.55.png","width":874,"height":92},{"@type":"BreadcrumbList","@id":"https:\/\/hpp-hypnose.de\/#breadcrumb","itemListElement":[{"@type":"ListItem","position":1,"name":"Startseite","item":"https:\/\/hpp-hypnose.de\/"},{"@type":"ListItem","position":2,"name":"Herzlich willkommen!"}]},{"@type":"WebSite","@id":"https:\/\/hpp-hypnose.de\/#website","url":"https:\/\/hpp-hypnose.de\/","name":"Hypnose-Praxis","description":"Das Unterbewu\u00dftsein f\u00fcr Heilung und Coaching nutzen","potentialAction":[{"@type":"SearchAction","target":{"@type":"EntryPoint","urlTemplate":"https:\/\/hpp-hypnose.de\/?s={search_term_string}"},"query-input":{"@type":"PropertyValueSpecification","valueRequired":true,"valueName":"search_term_string"}}],"inLanguage":"de"}]}},"_links":{"self":[{"href":"https:\/\/hpp-hypnose.de\/index.php?rest_route=\/wp\/v2\/pages\/40","targetHints":{"allow":["GET"]}}],"collection":[{"href":"https:\/\/hpp-hypnose.de\/index.php?rest_route=\/wp\/v2\/pages"}],"about":[{"href":"https:\/\/hpp-hypnose.de\/index.php?rest_route=\/wp\/v2\/types\/page"}],"author":[{"embeddable":true,"href":"https:\/\/hpp-hypnose.de\/index.php?rest_route=\/wp\/v2\/users\/1"}],"replies":[{"embeddable":true,"href":"https:\/\/hpp-hypnose.de\/index.php?rest_route=%2Fwp%2Fv2%2Fcomments&post=40"}],"version-history":[{"count":8,"href":"https:\/\/hpp-hypnose.de\/index.php?rest_route=\/wp\/v2\/pages\/40\/revisions"}],"predecessor-version":[{"id":99,"href":"https:\/\/hpp-hypnose.de\/index.php?rest_route=\/wp\/v2\/pages\/40\/revisions\/99"}],"wp:attachment":[{"href":"https:\/\/hpp-hypnose.de\/index.php?rest_route=%2Fwp%2Fv2%2Fmedia&parent=40"}],"curies":[{"name":"wp","href":"https:\/\/api.w.org\/{rel}","templated":true}]}}