{"id":71,"date":"2019-12-19T20:19:32","date_gmt":"2019-12-19T20:19:32","guid":{"rendered":"http:\/\/hpp-hypnose.de\/?page_id=71"},"modified":"2025-01-24T17:50:10","modified_gmt":"2025-01-24T15:50:10","slug":"kosten","status":"publish","type":"page","link":"https:\/\/hpp-hypnose.de\/?page_id=71","title":{"rendered":"Kosten"},"content":{"rendered":"\n<p>Hypnose ist in vielen F\u00e4llen eine sehr effiziente und wirksame therapeutische Methode. Wenige Sitzungen reichen in der Regel aus, um ein Problem zu l\u00f6sen, das mit Hypnose ansprechbar ist.<\/p>\n\n\n\n<p>Was sind nun die Kosten einer Hypnose-Behandlung?<\/p>\n\n\n\n<p>F\u00fcr eine vollst\u00e4ndige Anamnese und Behandlungsplanung sowie erste Trance-Induktionen berechnen wir 120 \u20ac pro Stunde mit einer Mindestdauer von 2 Stunden.<br>Eine Folgesitzung kostet 120 \u20ac \/ Stunde. Abweichende Vereinbarungen k\u00f6nnen je nach Randbedingungen festgelegt werden.<br><\/p>\n\n\n\n<p>Manchmal werden wir gefragt, warum die Behandlung so teuer sei &#8211; es g\u00e4be billigere Angebote f\u00fcr Hypnose-Therapien. Zun\u00e4chst haben wir uns am unteren Rand der Stundens\u00e4tze positioniert &#8211; unsere Ausbildungseinrichtungen mahnen, hier deutlich h\u00f6here Ans\u00e4tze zu nehmen. Dar\u00fcber hinaus bieten wir Verfahren an, die wir bei den weltbesten Hypnosetherapeuten lernen durften, unsere Ausbildung erstreckte sich \u00fcber viele Jahre. Wir beherrschen eine gro\u00dfe Bandbreite von verschiedenen Ans\u00e4tzen und k\u00f6nnen f\u00fcr Sie ma\u00dfgeschneidert die wirksamste und effizienteste Methode ausw\u00e4hlen.<\/p>\n\n\n\n<p>Vergleichen Sie die Kosten unserer Hypnose-Behandlung mit den Kosten der Wartung f\u00fcr Ihr Auto oder die Kosten f\u00fcr einen guten Handwerker. Sie werden festellen, dass unsere Stundens\u00e4tze diesen Anbietern sehr \u00e4hnlich sind &#8211; nur wir l\u00f6sen Probleme meist dauerhaft, die Kosten f\u00fcr T\u00dcV, Reparatur usw. fallen regelm\u00e4\u00dfig wieder an &#8211; Sie haben sich daran gew\u00f6hnt! G\u00f6nnen Sie Ihrem K\u00f6rper und Ihrem Unterbewussten eine mindestens so gute Behandlung, wie Sie sie f\u00fcr Ihr Auto f\u00fcr selbstverst\u00e4ndlich halten.<\/p>\n\n\n\n<h2 class=\"wp-block-heading\">Was erstatten Krankenkassen?<\/h2>\n\n\n\n<p>Die gesetzlichen Krankenkassen erstatten die Kosten unserer Behandlung nicht, diese sind von Ihnen selbst zu tragen. <br><br>Bei privaten Krankenkassen (und der Beihilfe) kommt es auf den einzelnen Versicherungsvertrag an, bitte fragen Sie bei Ihrer Versicherung nach! Wenn die private Krankenkasse bereit ist, einen Teil der Kosten zu \u00fcbernehmen, dann wird in der Regel eine Beschr\u00e4nkung auf die Posten der Geb\u00fchrenordnung f\u00fcr Heilpraktiker von 1980 vorgenommen &#8211; daf\u00fcr k\u00f6nnen und wollen wir nicht arbeiten. Sie werden daher einen wesentlichen Teil der Behandlungskosten selbst \u00fcbernehmen m\u00fcssen.<\/p>\n\n\n\n<p><\/p>\n\n\n\n<p>Kassenleistungen werden von \u00c4rzten und Psychotherapeuten angeboten, die sogenannte Regelleistungen erbringen. In der Freud&#8217;schen Psychoanalyse k\u00f6nnen schnell mehr als 20 Sitzungen erforderlich sein, obwohl die Wirksamkeit oft zweifelhaft ist. Die Hypnose ist wissenschaftlich belegt, hocheffizient und trotzdem kein Regelverfahren, also nicht erstattungsf\u00e4hig. \u00dcber die Gr\u00fcnde daf\u00fcr soll an dieser Stelle nicht spekuliert werden.<\/p>\n\n\n\n<p>Ihnen bleibt nur \u00fcbrig, sich selbst \u00fcber die M\u00f6glichkeiten zu einer Behandlung zu informieren und eine eigene Entscheidung zu treffen. Die billigste L\u00f6sung ist nicht immer die beste, wir bieten Ihnen die besten Hypnose-Verfahren an, unsere Abschl\u00fcsse sind international zertifiziert und anerkannt. W\u00e4hlen Sie selbst.<\/p>\n","protected":false},"excerpt":{"rendered":"<p>Hypnose ist in vielen F\u00e4llen eine sehr effiziente und wirksame therapeutische Methode. Wenige Sitzungen reichen in der Regel aus, um ein Problem zu l\u00f6sen, das mit Hypnose ansprechbar ist. Was sind nun die Kosten einer Hypnose-Behandlung? F\u00fcr eine vollst\u00e4ndige Anamnese und Behandlungsplanung sowie erste Trance-Induktionen berechnen wir 120 \u20ac pro Stunde mit einer Mindestdauer von &hellip; <\/p>\n<p class=\"link-more\"><a href=\"https:\/\/hpp-hypnose.de\/?page_id=71\" class=\"more-link\"><span class=\"screen-reader-text\">\u201eKosten\u201c <\/span>weiterlesen<\/a><\/p>\n","protected":false},"author":1,"featured_media":0,"parent":0,"menu_order":0,"comment_status":"closed","ping_status":"closed","template":"","meta":{"footnotes":""},"class_list":["post-71","page","type-page","status-publish","hentry"],"yoast_head":"<!-- This site is optimized with the Yoast SEO plugin v26.9 - https:\/\/yoast.com\/product\/yoast-seo-wordpress\/ -->\n<title>Kosten - Hypnose-Praxis<\/title>\n<meta name=\"robots\" content=\"index, follow, max-snippet:-1, max-image-preview:large, max-video-preview:-1\" \/>\n<link rel=\"canonical\" href=\"https:\/\/hpp-hypnose.de\/?page_id=71\" \/>\n<meta property=\"og:locale\" content=\"de_DE\" \/>\n<meta property=\"og:type\" content=\"article\" \/>\n<meta property=\"og:title\" content=\"Kosten - Hypnose-Praxis\" \/>\n<meta property=\"og:description\" content=\"Hypnose ist in vielen F\u00e4llen eine sehr effiziente und wirksame therapeutische Methode. Wenige Sitzungen reichen in der Regel aus, um ein Problem zu l\u00f6sen, das mit Hypnose ansprechbar ist. Was sind nun die Kosten einer Hypnose-Behandlung? F\u00fcr eine vollst\u00e4ndige Anamnese und Behandlungsplanung sowie erste Trance-Induktionen berechnen wir 120 \u20ac pro Stunde mit einer Mindestdauer von &hellip; \u201eKosten\u201c weiterlesen\" \/>\n<meta property=\"og:url\" content=\"https:\/\/hpp-hypnose.de\/?page_id=71\" \/>\n<meta property=\"og:site_name\" content=\"Hypnose-Praxis\" \/>\n<meta property=\"article:modified_time\" content=\"2025-01-24T15:50:10+00:00\" \/>\n<meta name=\"twitter:card\" content=\"summary_large_image\" \/>\n<meta name=\"twitter:label1\" content=\"Gesch\u00e4tzte Lesezeit\" \/>\n\t<meta name=\"twitter:data1\" content=\"3\u00a0Minuten\" \/>\n<script type=\"application\/ld+json\" class=\"yoast-schema-graph\">{\"@context\":\"https:\/\/schema.org\",\"@graph\":[{\"@type\":\"WebPage\",\"@id\":\"https:\/\/hpp-hypnose.de\/?page_id=71\",\"url\":\"https:\/\/hpp-hypnose.de\/?page_id=71\",\"name\":\"Kosten - Hypnose-Praxis\",\"isPartOf\":{\"@id\":\"https:\/\/hpp-hypnose.de\/#website\"},\"datePublished\":\"2019-12-19T20:19:32+00:00\",\"dateModified\":\"2025-01-24T15:50:10+00:00\",\"breadcrumb\":{\"@id\":\"https:\/\/hpp-hypnose.de\/?page_id=71#breadcrumb\"},\"inLanguage\":\"de\",\"potentialAction\":[{\"@type\":\"ReadAction\",\"target\":[\"https:\/\/hpp-hypnose.de\/?page_id=71\"]}]},{\"@type\":\"BreadcrumbList\",\"@id\":\"https:\/\/hpp-hypnose.de\/?page_id=71#breadcrumb\",\"itemListElement\":[{\"@type\":\"ListItem\",\"position\":1,\"name\":\"Startseite\",\"item\":\"https:\/\/hpp-hypnose.de\/\"},{\"@type\":\"ListItem\",\"position\":2,\"name\":\"Kosten\"}]},{\"@type\":\"WebSite\",\"@id\":\"https:\/\/hpp-hypnose.de\/#website\",\"url\":\"https:\/\/hpp-hypnose.de\/\",\"name\":\"Hypnose-Praxis\",\"description\":\"Das Unterbewu\u00dftsein f\u00fcr Heilung und Coaching nutzen\",\"potentialAction\":[{\"@type\":\"SearchAction\",\"target\":{\"@type\":\"EntryPoint\",\"urlTemplate\":\"https:\/\/hpp-hypnose.de\/?s={search_term_string}\"},\"query-input\":{\"@type\":\"PropertyValueSpecification\",\"valueRequired\":true,\"valueName\":\"search_term_string\"}}],\"inLanguage\":\"de\"}]}<\/script>\n<!-- \/ Yoast SEO plugin. -->","yoast_head_json":{"title":"Kosten - Hypnose-Praxis","robots":{"index":"index","follow":"follow","max-snippet":"max-snippet:-1","max-image-preview":"max-image-preview:large","max-video-preview":"max-video-preview:-1"},"canonical":"https:\/\/hpp-hypnose.de\/?page_id=71","og_locale":"de_DE","og_type":"article","og_title":"Kosten - Hypnose-Praxis","og_description":"Hypnose ist in vielen F\u00e4llen eine sehr effiziente und wirksame therapeutische Methode. Wenige Sitzungen reichen in der Regel aus, um ein Problem zu l\u00f6sen, das mit Hypnose ansprechbar ist. Was sind nun die Kosten einer Hypnose-Behandlung? F\u00fcr eine vollst\u00e4ndige Anamnese und Behandlungsplanung sowie erste Trance-Induktionen berechnen wir 120 \u20ac pro Stunde mit einer Mindestdauer von &hellip; \u201eKosten\u201c weiterlesen","og_url":"https:\/\/hpp-hypnose.de\/?page_id=71","og_site_name":"Hypnose-Praxis","article_modified_time":"2025-01-24T15:50:10+00:00","twitter_card":"summary_large_image","twitter_misc":{"Gesch\u00e4tzte Lesezeit":"3\u00a0Minuten"},"schema":{"@context":"https:\/\/schema.org","@graph":[{"@type":"WebPage","@id":"https:\/\/hpp-hypnose.de\/?page_id=71","url":"https:\/\/hpp-hypnose.de\/?page_id=71","name":"Kosten - Hypnose-Praxis","isPartOf":{"@id":"https:\/\/hpp-hypnose.de\/#website"},"datePublished":"2019-12-19T20:19:32+00:00","dateModified":"2025-01-24T15:50:10+00:00","breadcrumb":{"@id":"https:\/\/hpp-hypnose.de\/?page_id=71#breadcrumb"},"inLanguage":"de","potentialAction":[{"@type":"ReadAction","target":["https:\/\/hpp-hypnose.de\/?page_id=71"]}]},{"@type":"BreadcrumbList","@id":"https:\/\/hpp-hypnose.de\/?page_id=71#breadcrumb","itemListElement":[{"@type":"ListItem","position":1,"name":"Startseite","item":"https:\/\/hpp-hypnose.de\/"},{"@type":"ListItem","position":2,"name":"Kosten"}]},{"@type":"WebSite","@id":"https:\/\/hpp-hypnose.de\/#website","url":"https:\/\/hpp-hypnose.de\/","name":"Hypnose-Praxis","description":"Das Unterbewu\u00dftsein f\u00fcr Heilung und Coaching nutzen","potentialAction":[{"@type":"SearchAction","target":{"@type":"EntryPoint","urlTemplate":"https:\/\/hpp-hypnose.de\/?s={search_term_string}"},"query-input":{"@type":"PropertyValueSpecification","valueRequired":true,"valueName":"search_term_string"}}],"inLanguage":"de"}]}},"_links":{"self":[{"href":"https:\/\/hpp-hypnose.de\/index.php?rest_route=\/wp\/v2\/pages\/71","targetHints":{"allow":["GET"]}}],"collection":[{"href":"https:\/\/hpp-hypnose.de\/index.php?rest_route=\/wp\/v2\/pages"}],"about":[{"href":"https:\/\/hpp-hypnose.de\/index.php?rest_route=\/wp\/v2\/types\/page"}],"author":[{"embeddable":true,"href":"https:\/\/hpp-hypnose.de\/index.php?rest_route=\/wp\/v2\/users\/1"}],"replies":[{"embeddable":true,"href":"https:\/\/hpp-hypnose.de\/index.php?rest_route=%2Fwp%2Fv2%2Fcomments&post=71"}],"version-history":[{"count":11,"href":"https:\/\/hpp-hypnose.de\/index.php?rest_route=\/wp\/v2\/pages\/71\/revisions"}],"predecessor-version":[{"id":122,"href":"https:\/\/hpp-hypnose.de\/index.php?rest_route=\/wp\/v2\/pages\/71\/revisions\/122"}],"wp:attachment":[{"href":"https:\/\/hpp-hypnose.de\/index.php?rest_route=%2Fwp%2Fv2%2Fmedia&parent=71"}],"curies":[{"name":"wp","href":"https:\/\/api.w.org\/{rel}","templated":true}]}}