{"id":93,"date":"2020-11-17T18:06:04","date_gmt":"2020-11-17T18:06:04","guid":{"rendered":"http:\/\/hpp-hypnose.de\/?page_id=93"},"modified":"2021-10-22T17:03:13","modified_gmt":"2021-10-22T17:03:13","slug":"coaching-blockaden-beseitigen-schwierige-situationen-meistern","status":"publish","type":"page","link":"https:\/\/hpp-hypnose.de\/?page_id=93","title":{"rendered":"Coaching"},"content":{"rendered":"\n<p><strong>Coaching &#8211; Blockaden beseitigen, schwierige Situationen meistern<\/strong><\/p>\n\n\n\n<p>Das Unterbewu\u00dftsein spielt nicht nur bei St\u00f6rungen und Problemen eine zentrale Rolle, sondern kann uns auch daran hindern, unser volles Potenzial zu entfalten.<\/p>\n\n\n\n<p>Erlebnisse vor allem aus der Kindheit k\u00f6nnen stark emotional besetzte Denk- und Gef\u00fchlsmuster &#8222;installieren&#8220;, deren Einfluss wir jedoch nicht bewusst wahrnehmen k\u00f6nnen &#8211; wir merken lediglich, dass uns Worte, Gesten, Situationen, Gesichtsausdr\u00fccke stark betreffen und Reaktionen in uns ausl\u00f6sen, die nicht n\u00fctzlich f\u00fcr uns oder andere sind. Das kann uns in vielen Situationen einschr\u00e4nken und begrenzen, sei es im beruflichen oder auch privaten Umfeld.<\/p>\n\n\n\n<p>Wir gehen unbewusst von Meinungen oder Haltungen anderer Menschen aus, ohne dass wir diesen Eindruck wirksam \u00fcberpr\u00fcfen k\u00f6nnen, manchmal l\u00f6sen wir bei anderen Menschen Widerstand aus, ohne dass wir das steuern k\u00f6nnen, oft mit nachteiligen Folgen f\u00fcr alle Seiten.<\/p>\n\n\n\n<p>Wenn Ihnen auff\u00e4llt, dass Sie mit bestimmten Situationen nicht konstruktiv oder hilfreich umgehen k\u00f6nnen oder Sie sich immer wieder sich selbst ausbremsen, dann kann die Suche nach Ursachen und die Behebung gro\u00dfe Ver\u00e4nderungen bei Ihnen bewirken.<\/p>\n\n\n\n<p>F\u00fcr derartige Konstellationen bieten wir das Instrument des Coaching an. Der Coach hilft dem Klienten, die beste Leistung zu erbringen und seine Grenzen zu erkennen und zu erweitern. Wir machen die Hintergr\u00fcnde von Blockaden sichtbar und helfen dabei, diese aufzul\u00f6sen.<\/p>\n\n\n\n<p>Daf\u00fcr k\u00f6nnen wir neben den bew\u00e4hrten Werkzeugen der Hypnose auch andere Verfahren wie z.B. das WingWave-Coaching, eine Methode die auf dem Werkzeug EMDR aufbaut, einsetzen. Die Bandbreite der M\u00f6glichkeiten ist gro\u00df, immer werden wir die Vorgehensweise und die Methoden an Ihren speziellen Fall anpassen. Wir verwenden nur Methoden, die wissenschaftlich nachgewiesen und wirksam sind.<\/p>\n\n\n\n<p>Die WingWave-Methode ist eine Kombination von Analyse-Werkzeugen auf Basis von Muskeltests und der EMDR-Technik.<\/p>\n\n\n\n<p>EMDR geht auf eine Entdeckung der US-amerikanischen Psychotherapeutin Francine Shapiro zur\u00fcck. Sie beobachtete an sich selbst, dass sich nach schnellen Augenbewegungen das Trauma, mit dem sie sich aktuell sehr besch\u00e4ftigte, sich sehr stark abschw\u00e4chte. Sie analysierte mit Partnern die Hintergr\u00fcnde und fand heraus, dass bestimmte Augenbewegungen eine traumatische Erfahrung aufl\u00f6sen k\u00f6nnen \u2013 ein Effekt, der schon durch die Schlaf-Forschung bekannt war und in der REM-Phase (Random Eye Movement) auftritt. In dieser Phase werden Erlebnisse verarbeitet. Sie konnte zeigen, dass sich auf diese Weise Traumata sehr wirkungsvoll behandeln lassen. Heute ist das EMDR-Verfahren das Standard-Verfahren, um posttraumatische Belastungsst\u00f6rungen (PTBS) zu behandeln. Wichtig ist dabei, dass die Emotionen, die in der PTBS gespeichert sind, m\u00f6glichst auf den Punkt ins Bewusstsein gebracht werden, um von dort die Behandlung m\u00f6glichst zielgenau ansetzen zu k\u00f6nnen.<\/p>\n\n\n\n<p>Hier wird nun der Muskeltest eingesetzt, der schon in der Kinesiologie erfolgreich angewandt wird. Durch die moderne Forschung zur Rolle des Vagus-Nervs bez\u00fcglich der Reaktion auf Stress konnte nachgewiesen werden, dass die Muskelspannung messbar und auch reproduzierbar in solchen Momenten nachl\u00e4sst. Wir nutzen diese f\u00fchlbare \u00c4nderung der Muskelspannung dazu, gezielt die wesentlichen Stressmomente zu finden und dar\u00fcber hinaus auch viele weitere Elemente der Traumatisierung zu identifizieren.<\/p>\n\n\n\n<p><\/p>\n\n\n\n<p><\/p>\n","protected":false},"excerpt":{"rendered":"<p>Coaching &#8211; Blockaden beseitigen, schwierige Situationen meistern Das Unterbewu\u00dftsein spielt nicht nur bei St\u00f6rungen und Problemen eine zentrale Rolle, sondern kann uns auch daran hindern, unser volles Potenzial zu entfalten. Erlebnisse vor allem aus der Kindheit k\u00f6nnen stark emotional besetzte Denk- und Gef\u00fchlsmuster &#8222;installieren&#8220;, deren Einfluss wir jedoch nicht bewusst wahrnehmen k\u00f6nnen &#8211; wir merken &hellip; <\/p>\n<p class=\"link-more\"><a href=\"https:\/\/hpp-hypnose.de\/?page_id=93\" class=\"more-link\"><span class=\"screen-reader-text\">\u201eCoaching\u201c <\/span>weiterlesen<\/a><\/p>\n","protected":false},"author":1,"featured_media":0,"parent":0,"menu_order":0,"comment_status":"closed","ping_status":"closed","template":"","meta":{"footnotes":""},"class_list":["post-93","page","type-page","status-publish","hentry"],"yoast_head":"<!-- This site is optimized with the Yoast SEO plugin v26.9 - https:\/\/yoast.com\/product\/yoast-seo-wordpress\/ -->\n<title>Coaching - Hypnose-Praxis<\/title>\n<meta name=\"robots\" content=\"index, follow, max-snippet:-1, max-image-preview:large, max-video-preview:-1\" \/>\n<link rel=\"canonical\" href=\"https:\/\/hpp-hypnose.de\/?page_id=93\" \/>\n<meta property=\"og:locale\" content=\"de_DE\" \/>\n<meta property=\"og:type\" content=\"article\" \/>\n<meta property=\"og:title\" content=\"Coaching - Hypnose-Praxis\" \/>\n<meta property=\"og:description\" content=\"Coaching &#8211; Blockaden beseitigen, schwierige Situationen meistern Das Unterbewu\u00dftsein spielt nicht nur bei St\u00f6rungen und Problemen eine zentrale Rolle, sondern kann uns auch daran hindern, unser volles Potenzial zu entfalten. Erlebnisse vor allem aus der Kindheit k\u00f6nnen stark emotional besetzte Denk- und Gef\u00fchlsmuster &#8222;installieren&#8220;, deren Einfluss wir jedoch nicht bewusst wahrnehmen k\u00f6nnen &#8211; wir merken &hellip; \u201eCoaching\u201c weiterlesen\" \/>\n<meta property=\"og:url\" content=\"https:\/\/hpp-hypnose.de\/?page_id=93\" \/>\n<meta property=\"og:site_name\" content=\"Hypnose-Praxis\" \/>\n<meta property=\"article:modified_time\" content=\"2021-10-22T17:03:13+00:00\" \/>\n<meta name=\"twitter:card\" content=\"summary_large_image\" \/>\n<meta name=\"twitter:label1\" content=\"Gesch\u00e4tzte Lesezeit\" \/>\n\t<meta name=\"twitter:data1\" content=\"3\u00a0Minuten\" \/>\n<script type=\"application\/ld+json\" class=\"yoast-schema-graph\">{\"@context\":\"https:\/\/schema.org\",\"@graph\":[{\"@type\":\"WebPage\",\"@id\":\"https:\/\/hpp-hypnose.de\/?page_id=93\",\"url\":\"https:\/\/hpp-hypnose.de\/?page_id=93\",\"name\":\"Coaching - Hypnose-Praxis\",\"isPartOf\":{\"@id\":\"https:\/\/hpp-hypnose.de\/#website\"},\"datePublished\":\"2020-11-17T18:06:04+00:00\",\"dateModified\":\"2021-10-22T17:03:13+00:00\",\"breadcrumb\":{\"@id\":\"https:\/\/hpp-hypnose.de\/?page_id=93#breadcrumb\"},\"inLanguage\":\"de\",\"potentialAction\":[{\"@type\":\"ReadAction\",\"target\":[\"https:\/\/hpp-hypnose.de\/?page_id=93\"]}]},{\"@type\":\"BreadcrumbList\",\"@id\":\"https:\/\/hpp-hypnose.de\/?page_id=93#breadcrumb\",\"itemListElement\":[{\"@type\":\"ListItem\",\"position\":1,\"name\":\"Startseite\",\"item\":\"https:\/\/hpp-hypnose.de\/\"},{\"@type\":\"ListItem\",\"position\":2,\"name\":\"Coaching\"}]},{\"@type\":\"WebSite\",\"@id\":\"https:\/\/hpp-hypnose.de\/#website\",\"url\":\"https:\/\/hpp-hypnose.de\/\",\"name\":\"Hypnose-Praxis\",\"description\":\"Das Unterbewu\u00dftsein f\u00fcr Heilung und Coaching nutzen\",\"potentialAction\":[{\"@type\":\"SearchAction\",\"target\":{\"@type\":\"EntryPoint\",\"urlTemplate\":\"https:\/\/hpp-hypnose.de\/?s={search_term_string}\"},\"query-input\":{\"@type\":\"PropertyValueSpecification\",\"valueRequired\":true,\"valueName\":\"search_term_string\"}}],\"inLanguage\":\"de\"}]}<\/script>\n<!-- \/ Yoast SEO plugin. -->","yoast_head_json":{"title":"Coaching - Hypnose-Praxis","robots":{"index":"index","follow":"follow","max-snippet":"max-snippet:-1","max-image-preview":"max-image-preview:large","max-video-preview":"max-video-preview:-1"},"canonical":"https:\/\/hpp-hypnose.de\/?page_id=93","og_locale":"de_DE","og_type":"article","og_title":"Coaching - Hypnose-Praxis","og_description":"Coaching &#8211; Blockaden beseitigen, schwierige Situationen meistern Das Unterbewu\u00dftsein spielt nicht nur bei St\u00f6rungen und Problemen eine zentrale Rolle, sondern kann uns auch daran hindern, unser volles Potenzial zu entfalten. Erlebnisse vor allem aus der Kindheit k\u00f6nnen stark emotional besetzte Denk- und Gef\u00fchlsmuster &#8222;installieren&#8220;, deren Einfluss wir jedoch nicht bewusst wahrnehmen k\u00f6nnen &#8211; wir merken &hellip; \u201eCoaching\u201c weiterlesen","og_url":"https:\/\/hpp-hypnose.de\/?page_id=93","og_site_name":"Hypnose-Praxis","article_modified_time":"2021-10-22T17:03:13+00:00","twitter_card":"summary_large_image","twitter_misc":{"Gesch\u00e4tzte Lesezeit":"3\u00a0Minuten"},"schema":{"@context":"https:\/\/schema.org","@graph":[{"@type":"WebPage","@id":"https:\/\/hpp-hypnose.de\/?page_id=93","url":"https:\/\/hpp-hypnose.de\/?page_id=93","name":"Coaching - Hypnose-Praxis","isPartOf":{"@id":"https:\/\/hpp-hypnose.de\/#website"},"datePublished":"2020-11-17T18:06:04+00:00","dateModified":"2021-10-22T17:03:13+00:00","breadcrumb":{"@id":"https:\/\/hpp-hypnose.de\/?page_id=93#breadcrumb"},"inLanguage":"de","potentialAction":[{"@type":"ReadAction","target":["https:\/\/hpp-hypnose.de\/?page_id=93"]}]},{"@type":"BreadcrumbList","@id":"https:\/\/hpp-hypnose.de\/?page_id=93#breadcrumb","itemListElement":[{"@type":"ListItem","position":1,"name":"Startseite","item":"https:\/\/hpp-hypnose.de\/"},{"@type":"ListItem","position":2,"name":"Coaching"}]},{"@type":"WebSite","@id":"https:\/\/hpp-hypnose.de\/#website","url":"https:\/\/hpp-hypnose.de\/","name":"Hypnose-Praxis","description":"Das Unterbewu\u00dftsein f\u00fcr Heilung und Coaching nutzen","potentialAction":[{"@type":"SearchAction","target":{"@type":"EntryPoint","urlTemplate":"https:\/\/hpp-hypnose.de\/?s={search_term_string}"},"query-input":{"@type":"PropertyValueSpecification","valueRequired":true,"valueName":"search_term_string"}}],"inLanguage":"de"}]}},"_links":{"self":[{"href":"https:\/\/hpp-hypnose.de\/index.php?rest_route=\/wp\/v2\/pages\/93","targetHints":{"allow":["GET"]}}],"collection":[{"href":"https:\/\/hpp-hypnose.de\/index.php?rest_route=\/wp\/v2\/pages"}],"about":[{"href":"https:\/\/hpp-hypnose.de\/index.php?rest_route=\/wp\/v2\/types\/page"}],"author":[{"embeddable":true,"href":"https:\/\/hpp-hypnose.de\/index.php?rest_route=\/wp\/v2\/users\/1"}],"replies":[{"embeddable":true,"href":"https:\/\/hpp-hypnose.de\/index.php?rest_route=%2Fwp%2Fv2%2Fcomments&post=93"}],"version-history":[{"count":5,"href":"https:\/\/hpp-hypnose.de\/index.php?rest_route=\/wp\/v2\/pages\/93\/revisions"}],"predecessor-version":[{"id":109,"href":"https:\/\/hpp-hypnose.de\/index.php?rest_route=\/wp\/v2\/pages\/93\/revisions\/109"}],"wp:attachment":[{"href":"https:\/\/hpp-hypnose.de\/index.php?rest_route=%2Fwp%2Fv2%2Fmedia&parent=93"}],"curies":[{"name":"wp","href":"https:\/\/api.w.org\/{rel}","templated":true}]}}